
{"id":638,"date":"2019-07-13T06:26:24","date_gmt":"2019-07-13T04:26:24","guid":{"rendered":"https:\/\/beachvolley19.pl\/?page_id=638"},"modified":"2019-07-24T17:26:33","modified_gmt":"2019-07-24T15:26:33","slug":"live-stream","status":"publish","type":"page","link":"https:\/\/doprzodu.org.pl\/wydarzenia\/beachvolley2019\/live-stream\/","title":{"rendered":"Zapisy z transmisji na \u017cywo"},"content":{"rendered":"\n<div class=\"wp-block-fest-ultra-addons-gutenberg-accordion fest-ultra-blocks_block_accordion_wrapper\" data-block-version=\"2\"><div class=\"fest-ultra-blocks_block_accordion_block\" style=\"background-image:url();background-repeat:repeat;background-size:auto;background-attachment:scroll;border-width:0px;border-color:#ddd;border-radius:10px;border-style:solid\"><div class=\"fest-ultra-blocks_block_accordion_layout1\"><div class=\"fest-ultra-blocks_block_accordion_items\" data-attributes=\"{&quot;isCustomBlockWidth&quot;:false,&quot;blockWidth&quot;:&quot;75%&quot;,&quot;blockMinWidth&quot;:&quot;&quot;,&quot;blockMaxWidth&quot;:&quot;&quot;,&quot;wrapperBgColor&quot;:&quot;&quot;,&quot;wrapperBgImage&quot;:&quot;&quot;,&quot;wrapperBgImageRepeat&quot;:&quot;repeat&quot;,&quot;wrapperBgImageSize&quot;:&quot;auto&quot;,&quot;wrapperBgImageAttachment&quot;:&quot;scroll&quot;,&quot;wrapperBorderWidth&quot;:&quot;0px&quot;,&quot;wrapperBorderStyle&quot;:&quot;solid&quot;,&quot;wrapperBorderRadius&quot;:&quot;10px&quot;,&quot;wrapperBorderColor&quot;:&quot;#ddd&quot;,&quot;blockBgColor&quot;:&quot;&quot;,&quot;blockBgImage&quot;:&quot;&quot;,&quot;blockBgImageRepeat&quot;:&quot;repeat&quot;,&quot;blockBgImageSize&quot;:&quot;auto&quot;,&quot;blockBgImageAttachment&quot;:&quot;scroll&quot;,&quot;blockBorderWidth&quot;:&quot;0px&quot;,&quot;blockBorderStyle&quot;:&quot;solid&quot;,&quot;blockBorderRadius&quot;:&quot;10px&quot;,&quot;blockBorderColor&quot;:&quot;#ddd&quot;,&quot;layoutNum&quot;:1,&quot;isInitialOpened&quot;:true,&quot;initialOpened&quot;:1,&quot;keepOneOpened&quot;:true,&quot;titleActiveColor&quot;:&quot;#fafafa&quot;,&quot;titleActiveFontSize&quot;:&quot;28px&quot;,&quot;titleActiveFontFamily&quot;:&quot;unset&quot;,&quot;titleActiveAlignment&quot;:&quot;left&quot;,&quot;titleActiveBorderOn&quot;:true,&quot;titleActiveBorderWidth&quot;:&quot;0px&quot;,&quot;titleActiveBorderColor&quot;:&quot;#343a40&quot;,&quot;titleActiveBorderStyle&quot;:&quot;solid&quot;,&quot;titleActiveBorderRadius&quot;:&quot;5px&quot;,&quot;titleBlurColor&quot;:&quot;#333&quot;,&quot;titleBlurFontSize&quot;:&quot;28px&quot;,&quot;titleBlurFontFamily&quot;:&quot;unset&quot;,&quot;titleBlurAlignment&quot;:&quot;left&quot;,&quot;titleIconPosition&quot;:&quot;left&quot;,&quot;titleClosedIcon&quot;:&quot;arrow-down-alt2&quot;,&quot;titleOpenedIcon&quot;:&quot;arrow-up-alt2&quot;,&quot;titleActiveBackground&quot;:&quot;#0693e3&quot;,&quot;titleActiveBgImage&quot;:&quot;&quot;,&quot;titleActiveBgImageRepeat&quot;:&quot;repeat&quot;,&quot;titleActiveBgImageSize&quot;:&quot;contain&quot;,&quot;titleActiveBgImageAttachment&quot;:&quot;scroll&quot;,&quot;titleBlurBackground&quot;:&quot;#ddd&quot;,&quot;titleBlurBgImage&quot;:&quot;&quot;,&quot;titleBlurBgImageRepeat&quot;:&quot;repeat&quot;,&quot;titleBlurBgImageSize&quot;:&quot;contain&quot;,&quot;titleBlurBgImageAttachment&quot;:&quot;scroll&quot;,&quot;titleIconSize&quot;:&quot;20px&quot;,&quot;titleClosedIconColor&quot;:&quot;#333&quot;,&quot;titleOpenedIconColor&quot;:&quot;#fafafa&quot;,&quot;descBackground&quot;:&quot;#fafafa&quot;,&quot;descBgImage&quot;:&quot;&quot;,&quot;descBgImageRepeat&quot;:&quot;repeat&quot;,&quot;descBgImageSize&quot;:&quot;contain&quot;,&quot;descBgImageAttachment&quot;:&quot;scroll&quot;,&quot;descAsSeparateOn&quot;:false,&quot;descAsSeparateDistanceToHeading&quot;:&quot;10px&quot;,&quot;distanceBetweenItems&quot;:&quot;10px&quot;,&quot;borderWidth&quot;:&quot;0px&quot;,&quot;borderColor&quot;:&quot;#343a40&quot;,&quot;borderStyle&quot;:&quot;solid&quot;,&quot;borderRadius&quot;:&quot;5px&quot;,&quot;openingAnimationType&quot;:&quot;ease&quot;,&quot;openingAnimationDuration&quot;:0.2,&quot;iconAnimationType&quot;:&quot;tornado&quot;,&quot;itemCnt&quot;:3}\"><div class=\"fest-ultra-blocks_block_accordion_content-wrapper\">\n<div class=\"fest-ultra-blocks_block_accordion_item fest-ultra-blocks_block_accordion_active\" data-attributes=\"{&quot;titleActiveColor&quot;:&quot;#fafafa&quot;,&quot;titleActiveFontSize&quot;:&quot;28px&quot;,&quot;titleActiveFontFamily&quot;:&quot;unset&quot;,&quot;titleActiveAlignment&quot;:&quot;left&quot;,&quot;titleBlurColor&quot;:&quot;#333&quot;,&quot;titleBlurFontSize&quot;:&quot;28px&quot;,&quot;titleBlurFontFamily&quot;:&quot;unset&quot;,&quot;titleBlurAlignment&quot;:&quot;left&quot;}\" style=\"border-color:#343a40;border-width:0px;border-radius:5px;border-style:solid\"><div class=\"fest-ultra-blocks_block_accordion_title\" style=\"background-color:#0693e3;margin:-0px;border-color:#343a40;border-width:0px;border-radius:5px;border-style:solid\"><div class=\"fest-ultra-blocks_block_accordion_dashicon\" style=\"color:#fafafa\"><svg aria-hidden=\"true\" role=\"img\" focusable=\"false\" class=\"dashicon dashicons-arrow-up-alt2\" xmlns=\"http:\/\/www.w3.org\/2000\/svg\" width=\"20px\" height=\"20px\" viewbox=\"0 0 20 20\"><path d=\"M15 14l-5-5-5 5-2-1 7-7 7 7z\"><\/path><\/svg><\/div><div class=\"fest-ultra-blocks_common_heading_heading fest-ultra-blocks_block_accordion_heading\"><h3 style=\"color:#fafafa;font-size:28px;font-family:unset;text-align:left\"><strong>Losowanie Grup<\/strong><\/h3><\/div><\/div><div style=\"background-color:#fafafa\" class=\"fest-ultra-blocks_block_accordion_content\">\n<figure class=\"wp-block-embed-facebook wp-block-embed is-type-video is-provider-facebook\"><div class=\"wp-block-embed__wrapper\">\n<div id=\"fb-root\"><\/div><script async=\"1\" defer=\"1\" crossorigin=\"anonymous\" src=\"https:\/\/connect.facebook.net\/pl_PL\/sdk.js#xfbml=1&amp;version=v3.3\"><\/script><div class=\"fb-video\" data-href=\"https:\/\/www.facebook.com\/beachvolley2019\/videos\/340857523253903\/\" data-width=\"656\"><blockquote cite=\"https:\/\/www.facebook.com\/beachvolley2019\/videos\/340857523253903\/\" class=\"fb-xfbml-parse-ignore\"><a href=\"https:\/\/www.facebook.com\/beachvolley2019\/videos\/340857523253903\/\"><\/a><p>Losowanie grup Beach Volley 2019!<\/p>Opublikowany przez <a href=\"https:\/\/www.facebook.com\/beachvolley2019\/\">Beach Volley 2019<\/a> Pi\u0105tek, 5 lipca 2019<\/blockquote><\/div>\n<\/div><\/figure>\n\n\n\n<p><\/p>\n<\/div><\/div>\n\n\n\n<div class=\"fest-ultra-blocks_block_accordion_item\" data-attributes=\"{&quot;titleActiveColor&quot;:&quot;#fafafa&quot;,&quot;titleActiveFontSize&quot;:&quot;28px&quot;,&quot;titleActiveFontFamily&quot;:&quot;unset&quot;,&quot;titleActiveAlignment&quot;:&quot;left&quot;,&quot;titleBlurColor&quot;:&quot;#333&quot;,&quot;titleBlurFontSize&quot;:&quot;28px&quot;,&quot;titleBlurFontFamily&quot;:&quot;unset&quot;,&quot;titleBlurAlignment&quot;:&quot;left&quot;}\" style=\"border-color:#343a40;border-width:0px;border-radius:5px;border-style:solid;margin-top:10px\"><div class=\"fest-ultra-blocks_block_accordion_title\" style=\"background-color:#ddd;margin:-0px;border-color:#343a40;border-width:0px;border-radius:5px;border-style:solid\"><div class=\"fest-ultra-blocks_block_accordion_dashicon\" style=\"color:#333\"><svg aria-hidden=\"true\" role=\"img\" focusable=\"false\" class=\"dashicon dashicons-arrow-down-alt2\" xmlns=\"http:\/\/www.w3.org\/2000\/svg\" width=\"20px\" height=\"20px\" viewbox=\"0 0 20 20\"><path d=\"M5 6l5 5 5-5 2 1-7 7-7-7z\"><\/path><\/svg><\/div><div class=\"fest-ultra-blocks_common_heading_heading fest-ultra-blocks_block_accordion_heading\"><h3 style=\"color:#333;font-size:28px;font-family:unset;text-align:left\"><strong>Sobota<\/strong><\/h3><\/div><\/div><div style=\"background-color:#fafafa\" class=\"fest-ultra-blocks_block_accordion_content\">\n<figure class=\"wp-block-embed-youtube wp-block-embed is-type-video is-provider-youtube wp-embed-aspect-16-9 wp-has-aspect-ratio\"><div class=\"wp-block-embed__wrapper\">\n<iframe loading=\"lazy\" title=\"Beach Volley 19 Pru\u015bce - Grupa A\" width=\"656\" height=\"369\" src=\"https:\/\/www.youtube.com\/embed\/Hk3lUi7UCvY?feature=oembed\" frameborder=\"0\" allow=\"accelerometer; autoplay; encrypted-media; gyroscope; picture-in-picture\" allowfullscreen><\/iframe>\n<\/div><\/figure>\n\n\n\n<figure class=\"wp-block-embed-youtube wp-block-embed is-type-video is-provider-youtube wp-embed-aspect-16-9 wp-has-aspect-ratio\"><div class=\"wp-block-embed__wrapper\">\n<iframe loading=\"lazy\" title=\"Beach Volley 19 Pru\u015bce - Grupa B\" width=\"656\" height=\"369\" src=\"https:\/\/www.youtube.com\/embed\/InAN6ldRJ8k?feature=oembed\" frameborder=\"0\" allow=\"accelerometer; autoplay; encrypted-media; gyroscope; picture-in-picture\" allowfullscreen><\/iframe>\n<\/div><\/figure>\n\n\n\n<figure class=\"wp-block-embed-youtube wp-block-embed is-type-video is-provider-youtube wp-embed-aspect-16-9 wp-has-aspect-ratio\"><div class=\"wp-block-embed__wrapper\">\n<iframe loading=\"lazy\" title=\"Beach Volley 19 Pru\u015bce - Grupa C\" width=\"656\" height=\"369\" src=\"https:\/\/www.youtube.com\/embed\/T6v0W2yJ9nU?feature=oembed\" frameborder=\"0\" allow=\"accelerometer; autoplay; encrypted-media; gyroscope; picture-in-picture\" allowfullscreen><\/iframe>\n<\/div><\/figure>\n\n\n\n<figure class=\"wp-block-embed-youtube wp-block-embed is-type-video is-provider-youtube wp-embed-aspect-16-9 wp-has-aspect-ratio\"><div class=\"wp-block-embed__wrapper\">\n<iframe loading=\"lazy\" title=\"Beach Volley 19 Prusce - Grupa D\" width=\"656\" height=\"369\" src=\"https:\/\/www.youtube.com\/embed\/VEGHfrCVqTw?feature=oembed\" frameborder=\"0\" allow=\"accelerometer; autoplay; encrypted-media; gyroscope; picture-in-picture\" allowfullscreen><\/iframe>\n<\/div><\/figure>\n\n\n\n<figure class=\"wp-block-embed-youtube wp-block-embed is-type-video is-provider-youtube wp-embed-aspect-4-3 wp-has-aspect-ratio wp-embed-aspect-16-9\"><div class=\"wp-block-embed__wrapper\">\n<iframe loading=\"lazy\" title=\"Beach Volley 19 Prusce - Grupa E\" width=\"656\" height=\"369\" src=\"https:\/\/www.youtube.com\/embed\/BvjJdFgdHyQ?feature=oembed\" frameborder=\"0\" allow=\"accelerometer; autoplay; encrypted-media; gyroscope; picture-in-picture\" allowfullscreen><\/iframe>\n<\/div><\/figure>\n\n\n\n<figure class=\"wp-block-embed-youtube wp-block-embed is-type-video is-provider-youtube wp-embed-aspect-16-9 wp-has-aspect-ratio\"><div class=\"wp-block-embed__wrapper\">\n<iframe loading=\"lazy\" title=\"Beach Volley 19 Pru\u015bce - Grupa F\" width=\"656\" height=\"369\" src=\"https:\/\/www.youtube.com\/embed\/btsjAsAY760?feature=oembed\" frameborder=\"0\" allow=\"accelerometer; autoplay; encrypted-media; gyroscope; picture-in-picture\" allowfullscreen><\/iframe>\n<\/div><\/figure>\n\n\n\n<figure class=\"wp-block-embed-youtube wp-block-embed is-type-video is-provider-youtube wp-embed-aspect-16-9 wp-has-aspect-ratio\"><div class=\"wp-block-embed__wrapper\">\n<iframe loading=\"lazy\" title=\"Beach Volley 19 Pru\u015bce - Grupa G\" width=\"656\" height=\"369\" src=\"https:\/\/www.youtube.com\/embed\/SXCmbwfPjr8?feature=oembed\" frameborder=\"0\" allow=\"accelerometer; autoplay; encrypted-media; gyroscope; picture-in-picture\" allowfullscreen><\/iframe>\n<\/div><\/figure>\n\n\n\n<figure class=\"wp-block-embed-youtube wp-block-embed is-type-video is-provider-youtube wp-embed-aspect-16-9 wp-has-aspect-ratio\"><div class=\"wp-block-embed__wrapper\">\n<iframe loading=\"lazy\" title=\"Beach Volley 19 Pru\u015bce - Grupa H\" width=\"656\" height=\"369\" src=\"https:\/\/www.youtube.com\/embed\/rLm0cmnzTjI?feature=oembed\" frameborder=\"0\" allow=\"accelerometer; autoplay; encrypted-media; gyroscope; picture-in-picture\" allowfullscreen><\/iframe>\n<\/div><\/figure>\n\n\n\n<p><\/p>\n<\/div><\/div>\n\n\n\n<div class=\"fest-ultra-blocks_block_accordion_item\" data-attributes=\"{&quot;titleActiveColor&quot;:&quot;#fafafa&quot;,&quot;titleActiveFontSize&quot;:&quot;28px&quot;,&quot;titleActiveFontFamily&quot;:&quot;unset&quot;,&quot;titleActiveAlignment&quot;:&quot;left&quot;,&quot;titleBlurColor&quot;:&quot;#333&quot;,&quot;titleBlurFontSize&quot;:&quot;28px&quot;,&quot;titleBlurFontFamily&quot;:&quot;unset&quot;,&quot;titleBlurAlignment&quot;:&quot;left&quot;}\" style=\"border-color:#343a40;border-width:0px;border-radius:5px;border-style:solid;margin-top:10px\"><div class=\"fest-ultra-blocks_block_accordion_title\" style=\"background-color:#ddd;margin:-0px;border-color:#343a40;border-width:0px;border-radius:5px;border-style:solid\"><div class=\"fest-ultra-blocks_block_accordion_dashicon\" style=\"color:#333\"><svg aria-hidden=\"true\" role=\"img\" focusable=\"false\" class=\"dashicon dashicons-arrow-down-alt2\" xmlns=\"http:\/\/www.w3.org\/2000\/svg\" width=\"20px\" height=\"20px\" viewbox=\"0 0 20 20\"><path d=\"M5 6l5 5 5-5 2 1-7 7-7-7z\"><\/path><\/svg><\/div><div class=\"fest-ultra-blocks_common_heading_heading fest-ultra-blocks_block_accordion_heading\"><h3 style=\"color:#333;font-size:28px;font-family:unset;text-align:left\"><strong>Niedziela<\/strong><\/h3><\/div><\/div><div style=\"background-color:#fafafa\" class=\"fest-ultra-blocks_block_accordion_content\">\n<h4>Puchar Pocieszenia<\/h4>\n\n\n\n<figure class=\"wp-block-embed-youtube wp-block-embed is-type-video is-provider-youtube wp-embed-aspect-16-9 wp-has-aspect-ratio\"><div class=\"wp-block-embed__wrapper\">\n<iframe loading=\"lazy\" title=\"Beach Volley 19 Pru\u015bce - Puchar Pocieszenia (1\/4  Fina\u0142)\" width=\"656\" height=\"369\" src=\"https:\/\/www.youtube.com\/embed\/2FbCciFOwLo?feature=oembed\" frameborder=\"0\" allow=\"accelerometer; autoplay; encrypted-media; gyroscope; picture-in-picture\" allowfullscreen><\/iframe>\n<\/div><\/figure>\n\n\n\n<figure class=\"wp-block-embed-youtube wp-block-embed is-type-video is-provider-youtube wp-embed-aspect-16-9 wp-has-aspect-ratio\"><div class=\"wp-block-embed__wrapper\">\n<iframe loading=\"lazy\" title=\"Beach Volley 19 Pru\u015bce - Puchar Pocieszenia (1\/2  Fina\u0142, Fina\u0142)\" width=\"656\" height=\"369\" src=\"https:\/\/www.youtube.com\/embed\/iSue_iKc648?feature=oembed\" frameborder=\"0\" allow=\"accelerometer; autoplay; encrypted-media; gyroscope; picture-in-picture\" allowfullscreen><\/iframe>\n<\/div><\/figure>\n\n\n\n<h4>Top 8<\/h4>\n\n\n\n<figure class=\"wp-block-embed-youtube wp-block-embed is-type-video is-provider-youtube wp-embed-aspect-16-9 wp-has-aspect-ratio\"><div class=\"wp-block-embed__wrapper\">\n<iframe loading=\"lazy\" title=\"Beach Volley 19 Pru\u015bce - TOP 8 (Mecz I-II)\" width=\"656\" height=\"369\" src=\"https:\/\/www.youtube.com\/embed\/k49SRaqigJw?feature=oembed\" frameborder=\"0\" allow=\"accelerometer; autoplay; encrypted-media; gyroscope; picture-in-picture\" allowfullscreen><\/iframe>\n<\/div><\/figure>\n\n\n\n<figure class=\"wp-block-embed-youtube wp-block-embed is-type-video is-provider-youtube wp-embed-aspect-16-9 wp-has-aspect-ratio\"><div class=\"wp-block-embed__wrapper\">\n<iframe loading=\"lazy\" title=\"Beach Volley 19 Pru\u015bce - TOP 8 (Mecz III-IV)\" width=\"656\" height=\"369\" src=\"https:\/\/www.youtube.com\/embed\/5LaNf_vak_k?feature=oembed\" frameborder=\"0\" allow=\"accelerometer; autoplay; encrypted-media; gyroscope; picture-in-picture\" allowfullscreen><\/iframe>\n<\/div><\/figure>\n\n\n\n<figure class=\"wp-block-embed-youtube wp-block-embed is-type-video is-provider-youtube wp-embed-aspect-16-9 wp-has-aspect-ratio\"><div class=\"wp-block-embed__wrapper\">\n<iframe loading=\"lazy\" title=\"Beach Volley 19 Pru\u015bce - TOP 8 (Mecz V-VI)\" width=\"656\" height=\"369\" src=\"https:\/\/www.youtube.com\/embed\/uOt9cv_f5ZA?feature=oembed\" frameborder=\"0\" allow=\"accelerometer; autoplay; encrypted-media; gyroscope; picture-in-picture\" allowfullscreen><\/iframe>\n<\/div><\/figure>\n\n\n\n<figure class=\"wp-block-embed-youtube wp-block-embed is-type-video is-provider-youtube wp-embed-aspect-16-9 wp-has-aspect-ratio\"><div class=\"wp-block-embed__wrapper\">\n<iframe loading=\"lazy\" title=\"Beach Volley 19 Pru\u015bce - TOP 8 (Mecz VII-VIII)\" width=\"656\" height=\"369\" src=\"https:\/\/www.youtube.com\/embed\/VVHVEINzPQw?feature=oembed\" frameborder=\"0\" allow=\"accelerometer; autoplay; encrypted-media; gyroscope; picture-in-picture\" allowfullscreen><\/iframe>\n<\/div><\/figure>\n\n\n\n<figure class=\"wp-block-embed-youtube wp-block-embed is-type-video is-provider-youtube wp-embed-aspect-4-3 wp-has-aspect-ratio wp-embed-aspect-16-9\"><div class=\"wp-block-embed__wrapper\">\n<iframe loading=\"lazy\" title=\"Beach Volley 19 Pru\u015bce - TOP 8 (Mecz IX-X)\" width=\"656\" height=\"369\" src=\"https:\/\/www.youtube.com\/embed\/NrjnevNhNVc?feature=oembed\" frameborder=\"0\" allow=\"accelerometer; autoplay; encrypted-media; gyroscope; picture-in-picture\" allowfullscreen><\/iframe>\n<\/div><\/figure>\n\n\n\n<h4>P\u00f3\u0142 Fina\u0142<\/h4>\n\n\n\n<figure class=\"wp-block-embed-youtube wp-block-embed is-type-video is-provider-youtube wp-embed-aspect-16-9 wp-has-aspect-ratio\"><div class=\"wp-block-embed__wrapper\">\n<iframe loading=\"lazy\" title=\"Beach Volley 19 Pru\u015bce - P\u00f3\u0142 Fina\u0142\" width=\"656\" height=\"369\" src=\"https:\/\/www.youtube.com\/embed\/4Zdfntca6Ws?feature=oembed\" frameborder=\"0\" allow=\"accelerometer; autoplay; encrypted-media; gyroscope; picture-in-picture\" allowfullscreen><\/iframe>\n<\/div><\/figure>\n\n\n\n<h4>3 Miejsce<\/h4>\n\n\n\n<figure class=\"wp-block-embed-youtube wp-block-embed is-type-video is-provider-youtube wp-embed-aspect-16-9 wp-has-aspect-ratio\"><div class=\"wp-block-embed__wrapper\">\n<iframe loading=\"lazy\" title=\"Beach Volley 19 Pru\u015bce - 3 miejsce\" width=\"656\" height=\"369\" src=\"https:\/\/www.youtube.com\/embed\/U4WqiMMtrjs?feature=oembed\" frameborder=\"0\" allow=\"accelerometer; autoplay; encrypted-media; gyroscope; picture-in-picture\" allowfullscreen><\/iframe>\n<\/div><\/figure>\n\n\n\n<h4>Fina\u0142<\/h4>\n\n\n\n<p><\/p>\n\n\n\n<figure class=\"wp-block-embed-youtube wp-block-embed is-type-video is-provider-youtube wp-embed-aspect-16-9 wp-has-aspect-ratio\"><div class=\"wp-block-embed__wrapper\">\n<iframe loading=\"lazy\" title=\"Beach Volley 19 Pru\u015bce - Fina\u0142\" width=\"656\" height=\"369\" src=\"https:\/\/www.youtube.com\/embed\/Y9p80tJX2kQ?feature=oembed\" frameborder=\"0\" allow=\"accelerometer; autoplay; encrypted-media; gyroscope; picture-in-picture\" allowfullscreen><\/iframe>\n<\/div><\/figure>\n<\/div><\/div>\n<\/div><\/div><\/div><\/div><\/div>\n","protected":false},"excerpt":{"rendered":"","protected":false},"author":1,"featured_media":0,"parent":0,"menu_order":0,"comment_status":"closed","ping_status":"closed","template":"","meta":[],"categories":[],"tags":[],"_links":{"self":[{"href":"https:\/\/doprzodu.org.pl\/wydarzenia\/beachvolley2019\/wp-json\/wp\/v2\/pages\/638"}],"collection":[{"href":"https:\/\/doprzodu.org.pl\/wydarzenia\/beachvolley2019\/wp-json\/wp\/v2\/pages"}],"about":[{"href":"https:\/\/doprzodu.org.pl\/wydarzenia\/beachvolley2019\/wp-json\/wp\/v2\/types\/page"}],"author":[{"embeddable":true,"href":"https:\/\/doprzodu.org.pl\/wydarzenia\/beachvolley2019\/wp-json\/wp\/v2\/users\/1"}],"replies":[{"embeddable":true,"href":"https:\/\/doprzodu.org.pl\/wydarzenia\/beachvolley2019\/wp-json\/wp\/v2\/comments?post=638"}],"version-history":[{"count":11,"href":"https:\/\/doprzodu.org.pl\/wydarzenia\/beachvolley2019\/wp-json\/wp\/v2\/pages\/638\/revisions"}],"predecessor-version":[{"id":713,"href":"https:\/\/doprzodu.org.pl\/wydarzenia\/beachvolley2019\/wp-json\/wp\/v2\/pages\/638\/revisions\/713"}],"wp:attachment":[{"href":"https:\/\/doprzodu.org.pl\/wydarzenia\/beachvolley2019\/wp-json\/wp\/v2\/media?parent=638"}],"wp:term":[{"taxonomy":"category","embeddable":true,"href":"https:\/\/doprzodu.org.pl\/wydarzenia\/beachvolley2019\/wp-json\/wp\/v2\/categories?post=638"},{"taxonomy":"post_tag","embeddable":true,"href":"https:\/\/doprzodu.org.pl\/wydarzenia\/beachvolley2019\/wp-json\/wp\/v2\/tags?post=638"}],"curies":[{"name":"wp","href":"https:\/\/api.w.org\/{rel}","templated":true}]}}